?
3, 5
List the prime factors of (-476)/(-6)*(-216)/(-7).
2, 3, 17
Let o be -2 - 1 - (-1 + -6). Suppose -115 + 735 = o*d. What are the prime factors of d?
5, 31
Let g = -48 - -54. What are the prime factors of g/2 - 9/(-2 - -1)?
2, 3
Let x = 1039 - 677. List the prime factors of x.
2, 181
Let g(z) = -3*z**3 + z**2. Let i be g(-1). Suppose 0 = 2*c + i*f - 32, 2*c = -2*f - 8 + 48. List the prime factors of c.
2, 3
Suppose 0 = -j - 0*x - 3*x + 245, -4*x + 1247 = 5*j. Suppose 10*l + j = 2201. List the prime factors of l.
3, 5, 13
Let w = 865 + -454. Suppose -6*i - 327 = w. Let k = -76 - i. List the prime factors of k.
47
Let k be (42/12)/(2/12). Suppose 5*c = -6 + k. Suppose 0 = c*l - 6*l + 150. What are the prime factors of l?
2, 5
Suppose 289 = 10*z - 1851. What are the prime factors of z?
2, 107
Let r(m) = -33*m - 902. List the prime factors of r(-37).
11, 29
Suppose -290 = 259*u - 260*u. List the prime factors of u.
2, 5, 29
Suppose -h = -j + 6*j - 1361, -2*j + 4*h = -562. Suppose -2*z + 147 + j = 0. List the prime factors of z.
2, 3, 5, 7
Suppose 0 = -d + 4*f + 2125, -2*d = 2*f - 3161 - 1129. What are the prime factors of d?
2141
Let n(c) = 5*c - 9. Let y be n(4). Let k = 15 - y. Suppose -156 = -0*f - k*f. What are the prime factors of f?
3, 13
Let t(f) = 2*f**2 - 11. Suppose 52 = 10*g - 6*g. Suppose -16*o - 18 = -g*o. What are the prime factors of t(o)?
61
What are the prime factors of (-4 - -2483) + (15 - 5)?
19, 131
List the prime factors of (0 - (-102)/(-5))*(-65)/2.
3, 13, 17
Let f(p) = p - 10. Let v be f(12). What are the prime factors of (v - 3)*(-1 + 0 + -140)?
3, 47
Suppose 5*g + 15 = 2*g, 3*t - 5*g = 34. Let v = 59 + -56. Suppose -t*h - 2*j = -h - 26, -5*h + 89 = -v*j. What are the prime factors of h?
2
Let p(c) = -271*c + 398. What are the prime factors of p(-6)?
2, 11, 23
Suppose -5845 = -13*z + 1682. List the prime factors of z.
3, 193
Let a = -11 - -11. Suppose -7*i + 143 + 256 = a. List the prime factors of i.
3, 19
Suppose -2*c + 907 = -z, 0*c - z + 2285 = 5*c. What are the prime factors of c?
2, 3, 19
Let l(i) = -1 + 9*i - 17*i + 9*i + 4*i. List the prime factors of l(5).
2, 3
Let m = -575 - -601. List the prime factors of m.
2, 13
Let w be (-90)/(-35) + (-9)/(-21). Suppose -5*o = -w*o - 104. What are the prime factors of o?
2, 13
Suppose -y - 2*d + 1091 = -d, -5*y - 4*d + 5460 = 0. List the prime factors of y.
2, 137
Suppose 0 = -3*i + 7*i - 1260. What are the prime factors of i?
3, 5, 7
List the prime factors of 0 + (-8814)/(-21) - (-12)/42.
2, 3, 5, 7
Let u = 511 + -328. What are the prime factors of u?
3, 61
Suppose -3*r = -58 + 1. Suppose 4*f - r = 49. What are the prime factors of f?
17
Let y(d) = 2*d - 8. Let b be y(7). Suppose b*t - 6 = 3*t. Suppose 0 = u + t*u - 42. What are the prime factors of u?
2, 7
Let a(j) = -j**3 + 5*j**2 - 5*j + 1. Let m be a(4). List the prime factors of (-170)/m + (-8)/(-24).
3, 19
Suppose -4*q - 3521 = -v, 7*v - 10*v + 10580 = 5*q. List the prime factors of v.
3, 5, 47
Let w = 14 - 36. What are the prime factors of w - -55 - -1*1?
2, 17
Let m = 42 - 9. Let w = 50 - m. List the prime factors of w.
17
Let q(i) = -i**2 + 34*i - 71. What are the prime factors of q(22)?
193
Suppose 0 = 6*f - 5*f. Suppose f = c - 7 + 9. What are the prime factors of (c/(-4))/((-1)/(-58))?
29
Suppose -16*i - 708 = -18*i. List the prime factors of i.
2, 3, 59
Let b(o) = 142*o - 11. Let k be b(7). Suppose 9*d - k = 475. List the prime factors of d.
2, 3
Suppose 3*v = 2*a - 98, 4*a - 2 = 14. Suppose 3*o - 145 = 5*u, -u - 23 - 24 = 3*o. Let j = v - u. List the prime factors of j.
2
Suppose 3*x - 2*x + 134 = 0. Let h = 201 + x. List the prime factors of h.
67
Let i = -395 + 681. What are the prime factors of i?
2, 11, 13
Suppose 4*i - 4*d - 1460 = 0, -2*d - 310 = -3*i + 786. Suppose -7*t + t + i = 0. What are the prime factors of t?
61
Suppose -80*s + 5827 - 227 = 0. What are the prime factors of s?
2, 5, 7
Let u = -99 - -220. Suppose 0*a + u = a. List the prime factors of a.
11
Let g(s) = -4*s - 9 + 2*s - 3. Let f be g(-6). Suppose 5*m + 3*b = 74, f = -4*m + 3*m + 5*b + 26. What are the prime factors of m?
2
Let d = 223 + 25. Suppose -3*p - 5*p = -d. List the prime factors of p.
31
Let c(g) = -4*g + 5. Let q be c(8). Let b = q - -88. What are the prime factors of b?
61
What are the prime factors of -7*(2/(-1) + -296)?
2, 7, 149
Suppose -138*l - 2*x - 15007 = -141*l, 4*l - 2*x = 20012. List the prime factors of l.
5, 7, 11, 13
Let r = -21 + 16. Let z be (9 - 0) + r + 2. Suppose z*q - 2*q = 60. What are the prime factors of q?
3, 5
Let p = -44 - -34. Let b = p - -26. Let g = 57 - b. What are the prime factors of g?
41
Suppose 0 = -4*g - 5*p - 5, -4*g + 0*p = -4*p - 40. Let u = -211 - -298. Suppose g*t - 2*t = u. List the prime factors of t.
29
Let k = -14 - -16. Let r be k/((5/(-2))/(-5)). Suppose r*n - 30 = 30. What are the prime factors of n?
3, 5
Let j = -72 + 241. List the prime factors of j.
13
Let x = -38 - -48. List the prime factors of (-6)/(-30) - ((-378)/x + -2).
2, 5
Suppose w = -2*p + 20, p = 2*p - 1. Let q = w - 18. What are the prime factors of (2 - 20)/(q + -2)?
3
Suppose 6*n - 5460 = 12990. What are the prime factors of n?
3, 5, 41
Suppose -300 = -2*w + 862. What are the prime factors of w?
7, 83
Let h(b) = -8*b**3 + 3*b - 2. Let y be h(1). Let n = -32 + -7. Let s = y - n. List the prime factors of s.
2
Let g = 1 - 11. Let d = 31 - g. Let o = d - 20. What are the prime factors of o?
3, 7
Suppose -l - 3*h - 615 = -5*l, -3*h + 456 = 3*l. Suppose -3*m + 138 = -l. What are the prime factors of m?
97
Let a = 5 - -2. Suppose 2*h - a*h - 75 = 0. Let j = 22 + h. What are the prime factors of j?
7
Let o = 252 - -510. What are the prime factors of o?
2, 3, 127
What are the prime factors of (-1 + (-148)/(-3))/((-2)/(-48))?
2, 5, 29
Suppose 9*p - 3661 = 1460. What are the prime factors of p?
569
Suppose -24 - 8 = h. Let x be (20/40)/(2/h). Let i(o) = -o**3 - 6*o**2 + 11*o + 4. List the prime factors of i(x).
2, 11
Suppose -172 = -2*r - l, 0*l - 352 = -4*r - 4*l. List the prime factors of (r/(-10))/((-21)/140).
2, 7
Let k(r) = r + 8. Let c be k(-8). Suppose h - 4*h - 2*s + 25 = 0, 2*s - 10 = c. What are the prime factors of 255/25 + (-1)/h?
2, 5
Suppose -20 = -5*p, -2*p - p + 7337 = 5*y. What are the prime factors of y?
5, 293
Suppose h - 2*s = 3, 7*h - 3*h = -3*s + 34. Suppose 2354 = 18*y - h*y. What are the prime factors of y?
2, 107
Let l(g) = -11*g**3 - 2*g**2 + 1. Suppose -2*i = -1 + 5. List the prime factors of l(i).
3
Suppose -30196 = -48*c + 5516. What are the prime factors of c?
2, 3, 31
Suppose 2*w - 4*q - 2 = 14, 4*w + 2*q = -8. Suppose w = 4*o - 3*o. Suppose -b = -o*b - 39. What are the prime factors of b?
3, 13
List the prime factors of (-1)/(-3)*-6 - -770.
2, 3
Let j = 788 - 484. List the prime factors of j.
2, 19
Let c(a) = 4*a + 20. Let z be c(-6). List the prime factors of -3*(44/(-3) + (z - -2)).
2, 5
What are the prime factors of ((-210)/49)/((-646)/322 - -2)?
2, 3, 5, 23
Suppose 0 = -13*i + 8*i - 65. Let q(u) = -2*u**2 + 18 - 12*u + u**2 + 0*u**2. List the prime factors of q(i).
5
Let n = -62 + -33. Let v = n + 178. What are the prime factors of v?
83
Let b(r) = 4*r + 38. What are the prime factors of b(-2)?
2, 3, 5
Let r = 6018 - 2940. List the prime factors of r.
2, 3, 19
Suppose 4*c + 3*u - 1961 = 0, -2*c + 3*u = -2*u - 1013. What are the prime factors of c?
2, 13, 19
Let s be (-3)/6*2 + 87. Suppose v + 22 = s. List the prime factors of v.
2
Suppose -2*z = -2*x - 3*z + 247, -4*x = 5*z - 509. What are the prime factors of x?
11
Suppose 4*h + 13*h - 5695 = 0. Suppose -h = -9*w + 205. List the prime factors of w.
2, 3, 5
Suppose -7*d + 4*d = 0. Suppose 5*r - 11 = 4*j - d*j, -r - 21 = 5*j. List the prime factors of (r/(-2))/(4/344).
43
What are the prime factors of (-4)/22 + ((-326688)/(-176) - -1)?
3, 619
Let v = -22 + 25. Let y(l) = -2*l**2 - 5*l**2 - 3 - 2*l**v + 11*l + 0 + l**3. List the prime factors of y(-9).
2, 3, 5
Let n(m) = 15*m**2 - 19*m - 4. What are the prime factors of n(-3)?
2, 47
Let l = 578 + -249. What are the prime factors of l?
7, 47
Suppose -5*k + 5*w = 10, 0 = -6*k + 2*k + w + 4. Suppose -k = -2*y, 0*u + 2*u = y + 15. What are the prime factors of u?
2
Suppose 5 = 5*y + 